 73. Is i(b) prime?
False
Let a(s) = -s**2 + 12*s + 18. Let n be a(13). Let c(x) = 66*x**2 - x + 2. Let q be c(-2). Suppose 0*l - 4*m = -3*l + 899, -l + q = n*m. Is l composite?
False
Let v(a) = 1458*a**2 + 13*a - 12. Let t(u) = -5*u + 6. Let z be t(1). Is v(z) prime?
True
Let q = 96297 - 45028. Is q a prime number?
False
Let r be ((-656)/(-6))/(13/234). Suppose s - r = 3*n + 3340, -5*s = -n - 26526. Is s prime?
False
Suppose -112*s + 565079 = -93*s. Is s a composite number?
False
Let s(l) = -21045*l**3 + l + 7. Is s(-3) a composite number?
True
Suppose 3*a - 4425 + 381 = 0. Suppose -15*g + a = -13*g. Suppose 5*t + g = 7*t. Is t composite?
False
Let v = -26121 + 91040. Suppose -v = -15*x - 2624. Is x a composite number?
False
Is 3626585/(-55)*-9 - (-12)/(-66) composite?
True
Let t(w) = -2219*w**3 - 2*w**2 - w + 4. Let r be t(-3). Suppose r - 21208 = 2*q. Is q composite?
True
Let t(d) = -829*d + 35. Let f = 261 - 263. Is t(f) prime?
True
Let k(n) = -n**3 - 34*n**2 - 110*n - 109. Is k(-50) prime?
False
Let k(j) = -646*j + 3261. Is k(-23) a composite number?
False
Suppose 0 = -114*i + 117*i + 27, 4*d + 2*i - 3014 = 0. Is d composite?
True
Let n(r) be the third derivative of -7*r**7/240 + r**6/24 + r**5/12 - 20*r**2. Let d(m) be the third derivative of n(m). Is d(-7) composite?
True
Is -10*(346374/(-60) - 10) composite?
False
Let l(d) = 16392*d - 75. Let t be l(6). Suppose 5918 = -19*x + t. Is x composite?
False
Let a be ((-2)/8)/1 - 285/(-228). Is 12199 + (-1 - (-2 - (-2 - a))) a composite number?
False
Suppose 5*g + 4347 = q + 1809, -2*g - 10170 = -4*q. Is q composite?
False
Suppose -4*d + 5*b - 414 = 2007, 5*d = 4*b - 3015. Let j = -1638 + 1360. Let t = j - d. Is t prime?
False
Suppose -2*n - 2*s = -4, -s + 12 = 3*n - 4*s. Suppose 0 = 2*i - 2*c - 759 - 283, n*i + 5*c - 1563 = 0. Is i prime?
True
Let s(w) = -7805*w + 4479. Is s(-8) a composite number?
False
Let r(l) = -18684*l + 529. Is r(-32) prime?
False
Let l = 102 - 100. Suppose 68000 = 2*m - l*p, -33482 = -2*m + 5*p + 34527. Is m a prime number?
True
Suppose -7559893 = -144*m + 1355003. Is m a composite number?
False
Suppose 13*i - 18 = 8. Suppose 5*h + 4*l = 2053, 0 = 4*h - i*l - 2*l - 1628. Suppose u - h - 510 = 0. Is u prime?
True
Suppose 2*h - 3759264 = -4*d, 3*d + h - 687565 - 2131882 = 0. Is d a composite number?
True
Suppose -2*j = -2*z + 18, -2*j = 2*z + 19 - 53. Suppose 3*a - z*a = -40. Suppose a*w - 9812 = -0*w. Is w a prime number?
False
Let z(n) = 4012*n + 141. Is z(19) a composite number?
False
Suppose 0 = -5*v + 1843 - 57633. Let u = v + 45857. Is u a composite number?
True
Let c(f) = 3*f**3 - 47*f**2 + 157*f + 268. Is c(51) a prime number?
False
Let k(h) = -1249*h + 124. Let n be k(4). Let y = n + 7633. Is y prime?
False
Let n(h) = 3*h + 19. Let u be n(-8). Let p be -2 + (-2395)/u*-16. Is p/(-10) + ((-9)/15 - -1) a composite number?
True
Let t(g) = g**2 - g + 453. Let z(f) = -6*f**2 + 4*f - 2266. Let u(r) = 11*t(r) + 2*z(r). Let y be u(0). Is (2/((-6)/y))/((-5)/15) composite?
True
Suppose 3*m = 5*m, 44 = 4*p - 4*m. Let i(k) = 5*k - 18. Let l be i(p). Suppose -2*f - l + 351 = 0. Is f prime?
True
Suppose -94*w = 25*w - 10991197. Is w a prime number?
True
Suppose -97 = -3*j - 4*c, 3*j - 2*c = -35 + 126. Let v(q) = 110 + 110 - 226 - 13*q**2 + j*q + q**3. Is v(13) a prime number?
True
Let o = -62067 - -364396. Is o a composite number?
False
Let q be 94670/12 + (-8)/48. Suppose 16 = t + 19, q = 4*n + t. Is n prime?
True
Suppose -3*v + 2*h + 49948 = 0, -3*v - v + 2*h = -66600. Let w = v + -9021. Is w a composite number?
True
Let p be (1/(-2))/((-5)/40). Suppose 4805 = p*f - 11631. Is f a prime number?
False
Suppose 60 = 3*w + 14*l - 15*l, 4*w = -3*l + 93. Suppose 6425 = w*s - 19048. Is s a composite number?
False
Let f(i) = 140*i - 9665. Is f(72) a prime number?
False
Let z = 61 - 141. Let d = z - -753. Is d prime?
True
Let c = 2820 - -141559. Is c a composite number?
False
Let h(k) = 11*k**3 - 98*k**2 - 41*k + 33. Is h(22) prime?
False
Let n = 7450 - 23733. Let o = n + 22842. Is o a composite number?
True
Let g(s) = 52*s**2 + 4*s + 170. Is g(-44) composite?
True
Suppose 2*w - 4*v - 33834 = 45644, -10 = -2*v. Is w a composite number?
False
Suppose -12*k = -16*k + 272. Suppose r = p - 6*p - k, r + 67 = -4*p. Let o = 222 + r. Is o prime?
False
Suppose -4*w - 71*k = -74*k - 237058, -2*k = 2*w - 118522. Is w composite?
False
Let l(c) = -35656*c + 39. Is l(-2) composite?
True
Suppose 5*l - 261797 = -48*f + 44*f, 4*l = -2*f + 209440. Is l prime?
True
Let i = 75 - 73. Suppose -28 = -i*m + 4. Suppose -12*o + m*o - 17972 = 0. Is o composite?
False
Suppose 5*d - 49434 = w, -2*d - 2*d = 5*w - 39553. Suppose -t + 0*l + 3309 = 5*l, 0 = -3*t - 5*l + d. Suppose t = 4*k + 5. Is k a composite number?
False
Let o = -6867 + 76406. Is o a prime number?
True
Let z = 1690 - 1144. Is 2/12 + 7/(z/106145) a composite number?
False
Is (-1609353)/(-27) + 32/(-12) a composite number?
True
Suppose -22*t = 248 - 94. Is (63 - (t + 3))*2 composite?
True
Let m = 56929 - 7566. Is m a prime number?
True
Let f = 47 + -47. Suppose 3*m + m - 8436 = f. Suppose -2*o - o = -m. Is o composite?
True
Let q(u) = 10*u**3 + u**2 - 3*u + 3. Let z be q(1). Let m be (-2)/(-6)*(2 - z) + 8. Suppose 2*p + 32 - 290 = -5*t, -5*p - m*t + 675 = 0. Is p composite?
False
Let z(c) = 78*c**2 + 250*c - 2687. Is z(91) a prime number?
True
Let a = 68 - 59. Suppose -25 = -17*k + a. Suppose 2*b - k*y - 209 = -31, 3*b = -5*y + 251. Is b prime?
False
Is 2531/(-2)*(5 - 7) a prime number?
True
Let t(p) = -3*p + 19. Let g be t(5). Suppose 4*k - 9*k = -5*o + 1500, -g*k + 4 = 0. Is o composite?
True
Suppose y - 4 = -2*r, 1 + 5 = 3*y. Let h(v) = 840*v**2 + 2*v - 1. Is h(r) composite?
True
Suppose 0 = -7*n + 10*n - 6. Suppose 48 = 6*y - n*y. Suppose -16*g = -y*g - 748. Is g a prime number?
False
Let k(f) = 73*f**2 - 13*f - 7. Let c(s) = -s**2 - 32*s + 100. Let a be c(-35). Is k(a) a composite number?
True
Is ((-9)/5 - (-3)/(-15))/(92/(-4584406)) composite?
False
Is 16/(1280/(-17557136))*-5 a composite number?
False
Let m be ((-5 - -1960) + 1)/(3/2). Let j = -876 + m. Is (12/(-3))/((-8)/j*1) prime?
False
Suppose -5*z + 42 = 2*g - 3*z, -5*g + z + 99 = 0. Suppose 5*d + g = -2*w + 7*w, w + 1 = -4*d. Suppose -10*x + 5159 = -w*x. Is x composite?
True
Let t(d) = -d**2 + 10*d - 10. Let q be t(8). Let w be (-4)/q + 95886/(-27). Let p = w + 5173. Is p a prime number?
True
Is (-26559)/(-78)*1192/12 composite?
True
Let t(i) = -2*i**3 - 3*i**2 - 3*i - 6. Let s be t(-3). Suppose 4*g = 16 + 4, 0 = l - 3*g - s. Let b = l + -26. Is b a composite number?
False
Suppose m + 310350 = 2*a + a, 0 = 6*a + 3*m - 620715. Is a a prime number?
True
Let v(u) = -u - 7. Let p be v(2). Is (3/p)/((-1)/4146) prime?
False
Suppose -t + 12*t - 143 = 0. Let s(v) = 231*v + 13. Let y(q) = 115*q + 7. Let n(m) = t*y(m) - 6*s(m). Is n(4) composite?
False
Suppose 2*i + 2052 = 5*i. Let x = i + -475. Is x a prime number?
False
Let r = -688 - -1134. Let b = 573 - r. Is b composite?
False
Suppose 5*i + 1037 = 1092. Let d(k) = 109*k**2 - 105*k - 27. Is d(i) prime?
True
Let q be 9*(-25)/(-15) + (0 - 0). Suppose -3*h = -3, 5*h + q = 5*z - 0*z. Suppose 5*k + 151 - 2578 = -4*o, -2*o = -z*k - 1246. Is o composite?
False
Suppose 2*m + 21969 = 3*p + 60866, -p = 3. Suppose -4*l = 4*n - m, 3*l - 13597 = -n + 986. Is l composite?
False
Is (-23)/46*(3 + -1)*-242321 composite?
True
Suppose -r + 175827 + 200806 = 2*v, -r + 753267 = 4*v. Is v a prime number?
True
Suppose 0 = -1653*h + 1654*h - 5989. Is h prime?
False
Let d be 45/(-60) - (-3)/(-12). Is (6/24)/(d/(-1796)) prime?
True
Suppose -18 = -10*p + p. Suppose -p*a + 7727 = 3*j, j - 2118 = 2*a + 471. Is j a composite number?
False
Suppose 11*i - o = -0*i + 98334, 4*i - 5*o - 35781 = 0. Is i a prime number?
False
Let u(g) = -186*g + 1. Let v = 21 + -22. Let w be u(v). Is -4*3/(-24)*0 + w a composite number?
True
Let i(p) be the second derivative of -p**5/10 - p**4/2 + p**3/3 + 9*p**2/2 - 18*p - 5. Let a be (4/6)/(-1)*6. Is i(a) a prime number?
False
Let q(t) = -485*t**2 + t + 13. Let y(o) = -2*o**2 + o. Let d(z) = -q(z) - 5*y(z). Is d(-2) a composite number?
False
Is -82 - -74 - (-1 + -69198) composite?
False
Suppose 12 = 3*b, -2*a + 4943 = 3*b - 7405. Let g b